.
-2ebc6
What is -6471416 (base 10) in base 6?
-350412132
aa945 (base 12) to base 2
110111001011000101
200031411 (base 5) to base 6
24442352
Convert 22546662 (base 8) to base 5.
2223333242
What is 26a6b4 (base 14) in base 2?
101000101111010000110
Convert 467306 (base 15) to base 12.
11637b0
Convert 245537 (base 9) to base 15.
2dea1
Convert -212330223 (base 6) to base 10.
-3759783
Convert 240142123 (base 5) to base 7.
12230005
What is -238a06 (base 11) in base 4?
-1130100201
Convert -11100101010100001 (base 2) to base 5.
-12224114
12426393 (base 10) to base 16
bd9c99
Convert -12202231 (base 5) to base 11.
-7a121
What is -20100201202 (base 3) in base 13?
-44ca2
What is 1402562 (base 8) in base 12?
170442
Convert 64621 (base 10) to base 16.
fc6d
Convert -16b53 (base 14) to base 11.
-399a8
Convert -a9834 (base 12) to base 14.
-5b956
Convert 169a393 (base 12) to base 2.
10001110111011010011111
Convert 2a7b4ab (base 12) to base 3.
121020012111012
What is c8b50 (base 13) in base 12?
155760
What is 11011100101111010 (base 2) in base 7?
650333
Convert -1033213203 (base 4) to base 12.
-138883
Convert -3532325 (base 7) to base 10.
-445037
What is -100011110110010100100101 (base 2) in base 4?
-203312110211
Convert -1150656 (base 10) to base 16.
-118ec0
252337 (base 8) to base 12
425bb
What is 124329 (base 11) in base 4?
233313103
2505221 (base 6) to base 16
208ed
-b20521 (base 13) to base 8
-17632211
Convert 13858560 (base 9) to base 8.
32216514
1212001122 (base 3) to base 12
19152
3d2dcc (base 14) to base 8
10056610
What is 2155774 (base 8) in base 15?
b706e
222121101100 (base 3) to base 7
4310553
Convert -7374513 (base 11) to base 15.
-1219975
Convert -191a5 (base 15) to base 12.
-3b118
What is 24a799 (base 12) in base 3?
1010102200200
Convert 342a2b (base 13) to base 12.
4b6318
Convert 1110001101100110 (base 2) to base 13.
20660
What is 32010031333 (base 4) in base 15?
4cc7ea
Convert 1032402 (base 6) to base 5.
3113442
Convert -144abc2 (base 13) to base 10.
-6450212
What is 849771 (base 11) in base 2?
101001100000000000100
Convert 101334022 (base 5) to base 16.
660dc
Convert 23133040 (base 5) to base 2.
110010111010001000
1211011122 (base 3) to base 8
106006
Convert -6164470 (base 9) to base 11.
-1948110
Convert -536955 (base 11) to base 12.
-354861
244317 (base 8) to base 14
22967
146576 (base 11) to base 8
675701
110011100110101100 (base 2) to base 13
75295
905d6 (base 15) to base 6
13443303
1313001311 (base 4) to base 3
220202210002
-111100000101010 (base 2) to base 3
-1120012100
What is -386a94 (base 11) in base 6?
-21022044
What is -5a0513 (base 11) in base 10?
-952284
What is -3221324 (base 7) in base 4?
-1133222333
What is -1154322 (base 6) in base 5?
-3440043
What is 19bbcd (base 16) in base 5?
412431402
What is -13412 (base 8) in base 6?
-43150
110402 (base 5) to base 6
25500
-2232232210 (base 4) to base 7
-6040354
What is -31110031300 (base 4) in base 10?
-3490672
1001000001111101000 (base 2) to base 13
a48c6
What is 40615423 (base 7) in base 9?
6351017
30013323 (base 5) to base 4
321133013
Convert 14179 (base 13) to base 6.
450054
What is -14949 (base 10) in base 13?
-6a5c
What is -31575 (base 12) in base 15?
-142b5
32323 (base 6) to base 13
203a
What is c8d0b (base 16) in base 4?
3020310023
123130313 (base 4) to base 14
2cd95
182160 (base 10) to base 4
230132100
What is -1001101001001100100000 (base 2) in base 13?
-6a68a0
What is 4a32a55 (base 11) in base 16?
856ea1
What is -4002444 (base 5) in base 9?
-105220
Convert 30843 (base 10) to base 7.
155631
What is 11110111011000001011001 (base 2) in base 9?
16224387
What is -133014123 (base 5) in base 2?
-10100100010100001110
What is 176701 (base 12) in base 15?
80191
Convert -1214452553 (base 6) to base 9.
-28208386
107370 (base 10) to base 16
1a36a
What is 34c42 (base 14) in base 15?
281a9
What is 10cf (base 16) in base 15?
141d
-143441344 (base 5) to base 9
-1385618
Convert -2778955 (base 10) to base 9.
-5205007
-11122220021 (base 3) to base 13
-32a10
What is -47fc (base 16) in base 8?
-43774
-693104 (base 13) to base 11
-1451a55
d64a9 (base 15) to base 16
a5e0a
-229742 (base 10) to base 6
-4531342
-223061650 (base 7) to base 5
-11431412323
Convert -5262840 (base 9) to base 4.
-22233230223
What is 24e503 (base 15) in base 4?
12300002130
What is d91a2 (base 16) in base 11?
55811a
Convert -4b652 (base 14) to base 11.
-11707a
What is -1111001111011100010 (base 2) in base 16?
-79ee2
What is 55c6cd (base 14) in base 8?
13076235
What is -2101203 (base 6) in base 8?
-306003
Convert -101321545 (base 6) to base 5.
-422040432
-110010011000111111101 (base 2) to base 6
-55220233
What is 10010110001110011011 (base 2) in base 14?
120359
What is -1368036 (base 10) in base 6?
-45153300
Convert 10323440 (base 5) to base 8.
256235
What is -1c82d (base 16) in base 5?
-12214111
What is 431302022 (base 5) in base 13?
4ba4b5
Convert -4302514 (base 6) to base 4.
-303122032
Convert -515c (base 13) to base 15.
-34db
What is 440241143 (base 6) in base 12?
27701b3
Convert -299276 (base 12) to base 13.
-1b693c
What is 35a5b4 (base 13) in base 16?
13869e
68bd9 (base 16) to base 13
120374
Convert 1aa520 (base 13) to base 3.
1021112102201
2460547 (base 9) to base 14
26bd12
Convert -cf98 (base 16) to base 10.
-53144
What is 123163341 (base 7) in base 9?
15603733
-410324 (base 6) to base 16
-7f0c
8494c (base 16) to base 12
222324
Convert -382487 (base 9) to base 5.
-24401441
-277911 (base 11) to base 9
-732641
What is 1834a67 (base 13) in base 11?
4501478
What is 100000001111110110 (base 2) in base 7?
1060043
What is 49747 (base 16) in base 12?
126147
What is -13345762 (base 8) in base 2?
-1011011100101111110010
What is 3d03c (base 14) in base 10?
150974
-1040607 (base 8) to base 2
-1000100000110000111
What is 111001101000011011111 (base 2) in base 14?
372315
-100110110001011011 (base 2) to base 10
-158811
Convert -1032104 (base 5) to base 13.
-8128
What is 1973b2 (base 13) in base 7?
5322432
What is b5a42 (base 14) in base 6?
13221122
Convert 15504 (base 7) to base 6.
32113
What is 13434510 (base 6) in base 7?
3606201
What is -1016614 (base 7) in base 12?
-5aa11
Convert 640aa (base 12) to base 15.
28e3d
Convert 52946b (base 14) to base 12.
b27573
Convert 11333255 (base 7) to base 13.
29020a
What is 2054442 (base 6) in base 10?
100826
Convert 105505054 (base 6) to base 15.
28897a
Convert 1360402 (base 10) to base 5.
322013102
What is -319651 (base 11) in base 2?
-1111100101001011011
Convert 2ebe1 (base 16) to base 13.
691b6
Convert 4225477 (base 9) to base 10.
2261023
1041420140 (base 5) to base 8
10602405
What is 2020103 (base 4) in base 9?
12862
What is -284997 (base 11) in base 12?
-195b59
79a5a (base 14) to base 15
5c8ed
Convert 31243 (base 10) to base 3.
1120212011
Convert 1044066 (base 7) to base 15.
281d3
Convert -7477a6 (base 11) to base 14.
-231d0d
101001111101010111110 (base 2) to base 8
5175276
Convert -12329 (base 16) to base 15.
-17142
Convert -17b6140 (base 12) to base 7.
-60133326
2127042 (base 9) to base 3
2010221001102
What is -152077a (base 11) in base 5?
-1131411112
Convert -23727 (base 11) to base 13.
-12710
What is -112736 (base 12) in base 13?
-97998
Convert 12630127 (base 8) to base 7.
33025651
6542141 (base 7) to base 3
1111122210122
Convert 23244224 (base 5) to base 14.
575c3
-11457503 (base 9) to base 13
-1208b71
What is -d5bc6b (base 14) in base 8?
-33416447
What is 1b9939 (base 13) in base 14?
145822
Convert -6a2a3a (base 14) to base 15.
-4b72a4
What is -32122424 (base 5) in base 2?
-1000010000000011100
What is 2846a0 (base 12) in base 13?
1a680b
What is -13b538 (base 13) in base 14?
-c7951
What is -10221102001 (base 3) in base 12?
-38a84
5358476 (base 10) to base 14
9d6b24
Convert 5300038 (base 9) to base 11.
1666576
-11101011101101110110000 (base 2) to base 15
-a288a2
What is 117d2e (base 15) in base 16?
cc3f2
2302526 (base 9) to base 5
304220131
-10002221210010 (base 3) to base 9
-3087703
What is -10015a5 (base 11) in base 2?
-110110001000000101100
What is -403a6 (base 12) in base 8?
-243056
4110223 (base 6) to base 14
514c7
Convert -5519257 (base 11) to base 2.
-100100111101101110000000
Convert -23c3ba (base 16) to base 10.
-2343866
What is 6664a (base 15) in base 13?
b5174
What is -22674